mmon factor of 3420 and 713448.
36
Calculate the greatest common divisor of 14 and 16696442.
14
What is the greatest common factor of 3186 and 2468853?
27
What is the greatest common divisor of 217180 and 5000?
20
Calculate the greatest common divisor of 615 and 1249885.
205
Calculate the highest common factor of 180957764 and 287.
41
Calculate the highest common factor of 9826 and 269348.
578
What is the greatest common factor of 22974489 and 48087?
3699
What is the highest common factor of 5497 and 3843001?
23
What is the greatest common factor of 18325 and 287577890?
3665
Calculate the greatest common factor of 5109 and 913809.
39
Calculate the greatest common divisor of 157 and 72229891.
157
Calculate the greatest common factor of 55226 and 33834782.
1042
Calculate the highest common divisor of 2970 and 16028100.
990
What is the greatest common divisor of 6229688 and 184?
184
What is the greatest common factor of 998682 and 2380?
34
What is the highest common divisor of 554598 and 5405930?
5602
What is the highest common factor of 689365 and 35?
5
What is the greatest common divisor of 27847623 and 1437?
1437
Calculate the greatest common divisor of 3405 and 136001375.
1135
What is the greatest common divisor of 42281304 and 2784?
696
Calculate the greatest common divisor of 8508823 and 272.
17
What is the highest common factor of 87698869 and 1094?
547
What is the greatest common factor of 36 and 456703398?
18
Calculate the highest common divisor of 11364105 and 60.
15
Calculate the highest common divisor of 16591 and 877205.
353
What is the greatest common factor of 11178 and 436563?
621
Calculate the highest common divisor of 2466959 and 69322.
1507
Calculate the greatest common divisor of 365 and 298096960.
365
What is the greatest common divisor of 2807360 and 25420?
620
Calculate the highest common divisor of 109129080 and 240.
120
Calculate the highest common divisor of 78882037 and 91.
13
Calculate the highest common factor of 2684 and 12801338.
1342
What is the greatest common divisor of 210800 and 4360?
40
Calculate the highest common factor of 675918405 and 111.
111
Calculate the greatest common factor of 1205633561 and 22.
11
Calculate the greatest common factor of 3536590 and 1506.
502
What is the highest common factor of 395723211 and 351?
39
What is the highest common factor of 4536 and 3276448056?
4536
What is the highest common divisor of 3067763 and 24817?
1909
What is the greatest common divisor of 494 and 2830354?
38
Calculate the greatest common divisor of 758956 and 4367616.
2068
What is the greatest common divisor of 1320 and 120610050?
330
What is the highest common divisor of 4635 and 144929240?
515
Calculate the highest common factor of 11778 and 5906214.
906
Calculate the highest common factor of 1579521 and 6.
3
Calculate the highest common factor of 18267885 and 10707.
249
Calculate the greatest common divisor of 33771627 and 27.
27
Calculate the greatest common divisor of 11 and 3387670231.
11
What is the greatest common factor of 2533232 and 78202?
1282
What is the highest common factor of 228 and 37569916?
76
What is the greatest common divisor of 62010 and 5725785?
195
What is the highest common factor of 1266038670 and 390?
390
Calculate the greatest common factor of 18 and 2501106.
6
Calculate the greatest common factor of 11504184 and 68.
4
What is the greatest common divisor of 2400 and 113313600?
2400
What is the greatest common divisor of 207928 and 5076?
188
What is the highest common divisor of 152177 and 3268?
43
What is the greatest common factor of 29754 and 4434448?
1102
Calculate the highest common divisor of 3782 and 3191698.
62
Calculate the highest common divisor of 2588 and 7557607.
647
Calculate the highest common factor of 613953 and 522.
9
What is the greatest common factor of 1007339956 and 2716?
2716
Calculate the highest common divisor of 105219 and 487558.
433
What is the highest common divisor of 1880577 and 111834?
2943
Calculate the greatest common divisor of 112 and 244020112.
112
Calculate the highest common factor of 3858 and 19830.
6
Calculate the highest common divisor of 46340161 and 7.
7
Calculate the greatest common factor of 5770342 and 774.
86
Calculate the highest common divisor of 19315 and 2945.
5
Calculate the highest common divisor of 789976125 and 450.
225
Calculate the greatest common factor of 1213937 and 2.
1
What is the highest common divisor of 281546224 and 2292?
764
Calculate the greatest common divisor of 5278 and 23465234.
754
What is the highest common factor of 21982950 and 300?
150
Calculate the highest common divisor of 6336223 and 323.
17
Calculate the highest common factor of 30168 and 120984.
24
What is the highest common divisor of 301580 and 132005?
85
What is the greatest common divisor of 71535 and 33953?
19
What is the highest common divisor of 25966215 and 297?
99
Calculate the highest common divisor of 15265 and 36163.
43
Calculate the greatest common divisor of 24264778 and 318.
106
Calculate the greatest common factor of 177403524 and 12.
12
What is the greatest common factor of 468 and 6359028?
156
What is the greatest common factor of 165564 and 598892?
2044
Calculate the greatest common divisor of 5462181 and 5151.
303
Calculate the highest common divisor of 6237 and 128763.
27
What is the highest common divisor of 15 and 39786315?
15
What is the highest common divisor of 4680 and 813280?
520
What is the greatest common divisor of 220 and 1549685?
5
What is the highest common factor of 7838578 and 44?
22
Calculate the highest common factor of 13610107 and 13.
1
Calculate the greatest common divisor of 1944124 and 97664.
3052
Calculate the highest common factor of 127 and 18541.
1
Calculate the highest common divisor of 110440980 and 45.
45
What is the highest common factor of 1090 and 2642378?
218
Calculate the greatest common factor of 17446000 and 16016.
2288
Calculate the highest common divisor of 78270 and 1805428.
5218
What is the greatest common divisor of 9379441 and 116?
29
Calculate the highest common divisor of 3019700 and 10.
10
Calculate the greatest common factor of 402192 and 671202.
882
What is the greatest common divisor of 82680 and 2984?
8
Calculate the highest common factor of 1740210 and 1197.
57
What is the highest common divisor of 31176 and 89442?
18
What is the highest common divisor of 70079899 and 289?
289
Calculate the highest common divisor of 10693041 and 194358.
3351
What is the greatest common factor of 132722266 and 13686?
4562
Calculate the greatest common divisor of 15828350 and 5.
5
What is the highest common divisor of 526516 and 145015?
2231
Calculate the highest common divisor of 23391485 and 130.
65
Calculate the highest common divisor of 11883 and 7313637.
699
Calculate the highest common factor of 2075117 and 463133.
781
Calculate the highest common divisor of 54 and 3012831.
9
What is the greatest common divisor of 5280 and 129690?
330
What is the greatest common factor of 2677 and 9696094?
2677
Calculate the greatest common factor of 5225 and 26560765.
1045
Calculate the greatest common factor of 13330 and 281480.
310
What is the greatest common divisor of 64857 and 568971?
39
What is the greatest common factor of 7427205 and 45?
45
Calculate the greatest common divisor of 52560 and 2188248.
1752
Calculate the greatest common divisor of 186 and 648272.
62
Calculate the highest common factor of 430 and 6169726.
86
What is the highest common divisor of 1305802 and 46?
46
What is the greatest common factor of 6380 and 95415980?
220
Calculate the greatest common factor of 2622 and 927390.
114
Calculate the greatest common factor of 23449 and 187723.
131
What is the greatest common divisor of 14076 and 270543066?
2346
What is the highest common factor of 165218466 and 42?
42
Calculate the greatest common divisor of 651 and 139673073.
93
What is the greatest common factor of 9868 and 28387769?
2467
Calculate the highest common factor of 1435 and 160125.
35
What is the greatest common divisor of 1093722005 and 7430?
3715
Calculate the greatest common divisor of 72418334 and 68.
34
Calculate the highest common divisor of 250 and 1026496.
2
Calculate the greatest common factor of 39 and 206460878.
1